en m(-2) is divided by 11?
9
Let c be (-8)/(-3) + 1/3. Suppose -4*q = 3*k - 608, c*k + 304 = 2*q + k. Calculate the remainder when (q/(-12))/((-4)/6) is divided by 10.
9
Suppose 0 = k - 1 + 25. What is the remainder when 14 is divided by (-6)/4*k/9?
2
Suppose -296 = 3*x - 5*j, -5*x - 3*j = -x + 443. Let o = x - -182. What is the remainder when o is divided by 19?
18
What is the remainder when 93 is divided by ((-33)/(-66))/(2/76)?
17
Let k = -12 + 8. Let s be k/(-3)*27/(-6). Let u(v) = -v**3 - 4*v**2 - v - 1. What is the remainder when u(s) is divided by 20?
17
Calculate the remainder when 77 is divided by ((-8)/(-12))/(((-2)/2)/(-15)).
7
Let j = 9 - 0. Calculate the remainder when j is divided by 5.
4
Suppose -111 = -0*y - 5*y - j, 4*y - j - 96 = 0. Calculate the remainder when y is divided by 6.
5
Let u(p) = 2*p + 1. What is the remainder when 33 is divided by u(8)?
16
Suppose 0 = -4*g + 5*g + 5*q + 12, -3*q = 5*g - 50. What is the remainder when g is divided by 4?
1
Suppose i = 3*f - 48, -2*f + 5*i + 48 = f. Calculate the remainder when 27 is divided by f.
11
Suppose 148 + 118 = 7*m. What is the remainder when 74 is divided by m?
36
Let n be 9 - 8 - (1 - 0). Suppose -4*g = 0, n*p = 5*p - 2*g - 5. Calculate the remainder when 2 is divided by p.
0
Let v = 3 + 1. Suppose -v = -4*p + 3*p. Suppose 0*w - 4*w = -p. Calculate the remainder when 2 is divided by w.
0
What is the remainder when (203 + 0)*1 - (-2)/(-1) is divided by 51?
48
Let l(z) = -10*z - 3. Let n be l(-2). Let h = 9 - n. Calculate the remainder when 27 is divided by h/12 + (-64)/(-6).
7
Let z = 4 - -36. Let a = 0 + z. What is the remainder when a is divided by 11?
7
Suppose 2 - 49 = -q. Calculate the remainder when q is divided by 16.
15
Let u = 81 + -70. Calculate the remainder when 97 is divided by u.
9
Let z(b) = 5*b - 5. Calculate the remainder when 36 is divided by z(5).
16
Suppose 2*l = -2*b + 102, 2*b + 0*b - 110 = 2*l. Let j = -37 + b. Let u = -6 - -52. Calculate the remainder when u is divided by j.
14
Let k = 12 - 20. Let p(z) = -z - 3. Let i be p(0). Calculate the remainder when 16 is divided by i*(-4)/(k/(-6)).
7
What is the remainder when 59 is divided by 6 - -23 - (6/3)/(-1)?
28
Let a(g) = g**2 + 4*g - 6. Suppose 0 = 5*l - 59 - 36. Let k = l - 8. Calculate the remainder when k is divided by a(-6).
5
Suppose d = 3 - 1, -d + 20 = 3*f. What is the remainder when f is divided by 3?
0
Suppose -4*z = 2*y - 298, 4*y + 5*z = -405 + 1007. Let s = y + -74. Calculate the remainder when s is divided by 27.
25
Let m(d) = 10*d**2 - 2*d - 2. Calculate the remainder when m(2) is divided by 18.
16
Let q be (-14)/(-10) + (-15)/(-25). Suppose q*t - 6*t = -32. Calculate the remainder when 14 is divided by t.
6
Suppose 4*d + 4*s = 2*s - 12, -18 = 5*d + s. Let k(c) = -2*c - 6. What is the remainder when 4 is divided by k(d)?
0
Let t be (-1)/4 - 1548/16. Let q = 140 + t. What is the remainder when q is divided by 15?
13
Let z(c) be the third derivative of c**5/60 - c**4/8 - c**3/3 + c**2. What is the remainder when z(4) is divided by 1?
0
Suppose f - 27 = -2*m + 6*f, 3*m = 5*f + 43. Calculate the remainder when 94 is divided by m.
14
Let m(n) = 3*n + 5. Let j be m(-4). Let k(a) = 8*a + 9 - 4*a**2 - a**3 - 3*a**2 + a**2. What is the remainder when 2 is divided by k(j)?
0
Let s = 135 - 88. Calculate the remainder when s is divided by 12.
11
Let a = 3 + 26. Calculate the remainder when a is divided by 16.
13
Suppose 2*b - 5 = 5. Suppose 42 = 5*n + 4*o, 4*n - 30 = 2*n + b*o. Calculate the remainder when 1/3*171/3 is divided by n.
9
Let g(o) = 3*o - 1 + 1 - o**2. Let b be g(3). Let y = b - -8. What is the remainder when y is divided by 5?
3
Suppose -y - 6*x + 2*x = -115, 0 = 4*y + x - 415. Calculate the remainder when y is divided by 15.
13
Let s = 48 + -21. Let b = 52 + -37. Suppose -x = -2*x + b. What is the remainder when s is divided by x?
12
Suppose 4*w - 28 = -4*s, -5*w + w = -5*s + 71. Calculate the remainder when 21 is divided by s.
10
Suppose 4*q - 74 = 3*f + 173, 2*q = -4*f + 140. Let g(a) = -a**3 - 4*a**2 + 9*a + 4. What is the remainder when q is divided by g(-6)?
20
Let f be -1*(3 + -4 - -1). Suppose 2*h + 2*q - 5 - 23 = f, 0 = 5*q. Calculate the remainder when h is divided by 2*2 + -1 + 1.
2
Suppose -4*c = -5*c. Suppose c = -3*u + 5 + 10. What is the remainder when 11 is divided by u?
1
Suppose -5*g = -99 + 14. What is the remainder when 67 is divided by g?
16
Let h(m) = 9*m - 4. What is the remainder when 19 is divided by h(1)?
4
Let d(s) = s - 7. Let c be d(3). Calculate the remainder when 73 is divided by ((-4)/c - 20)*-1.
16
Suppose -2*o = -315 + 49. Calculate the remainder when o is divided by 27.
25
Let k(l) = l**2 - 4*l - 1. Let h be k(5). What is the remainder when (-3)/h + 187/4 is divided by 16?
14
Let r(f) = -5*f - 1. Let d be r(-1). Suppose -4 = -d*y + 4. Suppose 30 = l + y*l. Calculate the remainder when 19 is divided by l.
9
Suppose -370 = -4*b - 2*n, 0 = -n - 2*n + 3. Suppose -4*c + 5*c + 3*y - 48 = 0, -2*c = 4*y - b. Calculate the remainder when c is divided by 22.
20
Let f = 124 - 71. What is the remainder when f is divided by 19?
15
Suppose 7*i + 2*n = 2*i + 9, -5*n = 5*i. Let v = 7 + -5. Suppose -2 = -d, 0 = 2*z + 2*d - 7*d + v. Calculate the remainder when z is divided by i.
1
Let s = -38 - -53. What is the remainder when 40 is divided by s?
10
Let d(p) = -p + 6. What is the remainder when d(-5) is divided by 6?
5
Suppose 56 = 4*l + 4*h, 1 = l + 4*h - 13. Let r = l + 43. What is the remainder when r is divided by 12?
9
Let y be 32/(-6) + (-4)/6. Suppose 325*i = 320*i + 35. Calculate the remainder when (16/y)/(4/(-18)) is divided by i.
5
What is the remainder when ((-8 - -4) + -81)/(-1) is divided by 22?
19
Suppose 0 = 2*z - 4*z + 6. Suppose a + 70 = z*a. Suppose -25 - a = -4*b. Calculate the remainder when b is divided by 6.
3
Let j(w) = 57*w**2 + w - 1. Let i(s) = -86*s**2 - s + 2. Let m(c) = 5*i(c) + 8*j(c). Calculate the remainder when 97 is divided by m(-1).
22
Let w = 5 - 0. Let b = w - 1. Calculate the remainder when b is divided by 3.
1
Suppose -5*b + 409 + 261 = 0. Let t = -65 + b. Let m = t - 39. What is the remainder when m is divided by 11?
8
Let a(y) = -4*y + 10. Let g be a(8). Let r = -14 - g. What is the remainder when 31 is divided by r?
7
Suppose -8*o = -26*o + 162. Calculate the remainder when 25 is divided by o.
7
Let w = 2 + 1. Suppose 0*v = 5*v + n - 120, -5*v + 120 = -w*n. Calculate the remainder when 69 is divided by v.
21
Suppose -f - 56 = -5*f. Calculate the remainder when 93 is divided by f.
9
Let b be (26 + 2 + -1)*1. Suppose -b = 2*n - 5*n. Calculate the remainder when 33 is divided by n.
6
Suppose 4*r - 15 = -3. Calculate the remainder when 32 is divided by ((-34)/r)/(2/(-3)).
15
Let v be (4 - 0) + (5 - 4). Suppose 0 = -v*w - 4 + 44. Suppose 0 = 3*n - w - 4. What is the remainder when 14 is divided by n?
2
Let o(g) = 10*g + 1. What is the remainder when 79 is divided by o(2)?
16
Suppose f + 114 = 7*f. What is the remainder when 75 is divided by f?
18
Let w = 66 - 32. Suppose -5*o = w - 109. Calculate the remainder when (-1)/(-4) - 111/(-4) is divided by o.
13
Let u(i) = -3*i - 6. What is the remainder when 6/21 - 103/(-7) is divided by u(-5)?
6
Suppose -5*c + 0*a + 17 = -3*a, 7 = -c - 2*a. What is the remainder when c is divided by 1?
0
Let n = 4 + 20. What is the remainder when 45 is divided by n?
21
Suppose 405 = 4*n + n. Calculate the remainder when n is divided by 18.
9
Suppose -4*s - 3*k = -70, -2*k + 5 - 1 = 0. Let v(h) = -9*h - 8. Calculate the remainder when v(-6) is divided by s.
14
Let z(v) be the third derivative of -v**5/60 - 5*v**4/12 - v**3/3 - 5*v**2. Let d be 0 + -7 - (-3)/(-3). Calculate the remainder when z(d) is divided by 5.
4
Suppose -v = -4*v + 3, -428 = q - 2*v. What is the remainder when (-10)/(-25) - q/10 is divided by 11?
10
Let k(g) = 3*g - 7. Let v = 19 - 13. Calculate the remainder when 33 + (-8)/10*(-15)/(-6) is divided by k(v).
9
Let c(x) = 2*x**2 - x. Let m be c(-1). Suppose h = -4*d + 47, 2*d - 11 = -0*h - m*h. Calculate the remainder when 38 is divided by d.
12
Let p be (-4)/16*0 + 36. What is the remainder when 34 is divided by 0 + 12 - p/12?
7
Suppose 0*d - 2*d + 10 = 0. Suppose -3*k = -d*c - 3